{"id":152,"date":"2026-04-06T14:00:47","date_gmt":"2026-04-06T11:00:47","guid":{"rendered":"http:\/\/ymparistotuotanto.com\/?page_id=152"},"modified":"2026-04-06T20:36:43","modified_gmt":"2026-04-06T17:36:43","slug":"rekisteriseloste","status":"publish","type":"page","link":"https:\/\/ymparistotuotanto.com\/index.php\/rekisteriseloste\/","title":{"rendered":"rekisteriseloste"},"content":{"rendered":"\n<div style=\"height:100px\" aria-hidden=\"true\" class=\"wp-block-spacer space-height\"><\/div>\n\n\n\n<div class=\"wp-block-group sisalto-marginaali\"><div class=\"wp-block-group__inner-container is-layout-constrained wp-block-group-is-layout-constrained\">\n<div class=\"wp-block-columns is-layout-flex wp-container-core-columns-is-layout-9d6595d7 wp-block-columns-is-layout-flex\">\n<div class=\"wp-block-column is-layout-flow wp-block-column-is-layout-flow\" style=\"flex-basis:66.66%\">\n<p class=\"has-medium-font-size\"><em>Joensuun Ymp\u00e4rist\u00f6tuotanto Oy<\/em>&nbsp;| Tietosuojalauseke<\/p>\n\n\n\n<h4 class=\"wp-block-heading\">1. Johdanto<\/h4>\n\n\n\n<p>T\u00e4ss\u00e4 tietosuojalausekkeessa kerromme, kuinka ker\u00e4\u00e4mme ja k\u00e4sittelemme henkil\u00f6tietoja&nbsp;<em>Joensuun Ymp\u00e4rist\u00f6tuotanto Oy<\/em>&nbsp;palveluita (sis\u00e4lt\u00e4en, mutta ei rajoittuen, seuraavan internetsivuston www.ymparistotuotanto.com,&nbsp;sek\u00e4 kaikki siihen liittyv\u00e4t keskustelufoorumit, hakemistot ja tietokannat sek\u00e4&nbsp;<em>Joensuun Ymp\u00e4rist\u00f6tuotanto Oy<\/em>&nbsp;tarjoamat palvelut) (\u201dPalvelu\u201d) tarjotessa.<\/p>\n\n\n\n<p>Olemme sitoutuneet suojaamaan Palveluiden k\u00e4ytt\u00e4jien yksityisyytt\u00e4 soveltuvan lains\u00e4\u00e4d\u00e4nn\u00f6n mukaisesti.<br>&nbsp;<\/p>\n\n\n\n<h4 class=\"wp-block-heading\">2. K\u00e4sittelyn tarkoitukset ja oikeusperuste<\/h4>\n\n\n\n<p><strong>Henkil\u00f6tietojen k\u00e4sittelyn tarkoitukset<\/strong><\/p>\n\n\n\n<p>Ker\u00e4\u00e4mme ja k\u00e4sittelemme henkil\u00f6tietoja, jotta:<\/p>\n\n\n\n<ul class=\"wp-block-list\">\n<li>&nbsp;k\u00e4ytt\u00e4j\u00e4 voidaan rekister\u00f6id\u00e4 tiettyihin meid\u00e4n sivustolla oleviin palveluihin;<\/li>\n\n\n\n<li>&nbsp;k\u00e4ytt\u00e4j\u00e4 voi k\u00e4ytt\u00e4\u00e4 tiettyj\u00e4 meid\u00e4n sivustolla olevia palveluita;&nbsp;<\/li>\n\n\n\n<li>&nbsp;k\u00e4ytt\u00e4j\u00e4lle voidaan k\u00e4ytt\u00e4j\u00e4n hyv\u00e4ksynn\u00e4n mukaisesti markkinoida meid\u00e4n tai valittujen kolmansien osapuolten palveluita;<\/li>\n\n\n\n<li>&nbsp;voimme parantaa k\u00e4ytt\u00e4j\u00e4n Palvelun k\u00e4ytt\u00f6kokemusta ker\u00e4\u00e4m\u00e4ll\u00e4 sivuston k\u00e4ytt\u00f6tietoa ev\u00e4steit\u00e4 ja muita analyysitekniikoita hyv\u00e4ksik\u00e4ytt\u00e4en;<\/li>\n\n\n\n<li>&nbsp;sivustoamme voidaan hallinnoida.<\/li>\n<\/ul>\n\n\n\n<p><strong>Henkil\u00f6tietojen k\u00e4sittelyn oikeusperuste<\/strong><\/p>\n\n\n\n<p>Ker\u00e4\u00e4mme ja k\u00e4sittelemme henkil\u00f6tietoja hoitaaksemme sopimuksesta johtuvat velvollisuutemme sek\u00e4 t\u00e4ytt\u00e4\u00e4ksemme lains\u00e4\u00e4d\u00e4nn\u00f6st\u00e4 johtuvat velvoitteemme. Lis\u00e4ksi k\u00e4sittelemme henkil\u00f6tietoja oikeutetun edun perusteella yll\u00e4pit\u00e4\u00e4ksemme ja kehitt\u00e4\u00e4ksemme liiketoimintaamme ja palveluamme.<br>&nbsp;<\/p>\n\n\n\n<h4 class=\"wp-block-heading\">3. Mit\u00e4 henkil\u00f6tietoja ker\u00e4\u00e4mme?<\/h4>\n\n\n\n<p>Ker\u00e4\u00e4mme palvelumme k\u00e4ytt\u00e4jist\u00e4 t\u00e4ss\u00e4 tietosuojalausekkeessa m\u00e4\u00e4riteltyjen k\u00e4ytt\u00f6tarkoitusten kannalta tarpeellisia henkil\u00f6tietoja:<\/p>\n\n\n\n<p><strong>a)&nbsp;<u><em>Joensuun Ymp\u00e4rist\u00f6tuotanto Oy<\/em><\/u>:lle antamasi tiedot<\/strong><\/p>\n\n\n\n<ul class=\"wp-block-list\">\n<li>&nbsp;Yhteys -ja rekister\u00f6itymistiedot<\/li>\n\n\n\n<li>&nbsp;Demografiatiedot, kuten ik\u00e4 ja sukupuoli<\/li>\n\n\n\n<li>&nbsp;Sopimussuhteeseen liittyv\u00e4t tiedot, kuten tuotteiden tai palveluiden kuvailutiedot, laskutus- ja maksutiedot, asiakaspalautteet ja yhteydenotot<\/li>\n\n\n\n<li>&nbsp;Tallennetut asiakaspuhelut<\/li>\n\n\n\n<li>&nbsp;K\u00e4ytt\u00e4j\u00e4n antamat profilointi- ja kiinnostustiedot<\/li>\n\n\n\n<li>&nbsp;Luvat ja suostumukset<\/li>\n\n\n\n<li>&nbsp;Muut mahdolliset k\u00e4ytt\u00e4j\u00e4n antamat tiedot, joita tarvitsemme tietosuojalausekkeessa m\u00e4\u00e4riteltyihin tarkoituksiin<\/li>\n<\/ul>\n\n\n\n<p><strong>b) Mahdolliset julkisista rekistereist\u00e4 ker\u00e4tyt tiedot<\/strong><\/p>\n\n\n\n<p><strong>c) Palveluiden k\u00e4yt\u00f6st\u00e4 havainnoidut tiedot<\/strong><\/p>\n\n\n\n<p>Palveluiden k\u00e4yt\u00f6n havainnointiin k\u00e4ytet\u00e4\u00e4n ev\u00e4steit\u00e4 ja muita analyysiteknologioita. Ev\u00e4steiden k\u00e4ytt\u00f6 on yleist\u00e4 ja useat sivustot hy\u00f6dynt\u00e4v\u00e4t niit\u00e4. Ev\u00e4ste on pienimuotoinen tiedontallennusohjelma, jonka tietokoneen selain asentaa k\u00e4ytt\u00e4j\u00e4n tietokoneen kovalevylle. Aina kun k\u00e4ytt\u00e4j\u00e4n selain hakee sivuston Yhti\u00f6n serverilt\u00e4, viesti l\u00e4hetet\u00e4\u00e4n takaisin k\u00e4ytt\u00e4j\u00e4n tietokoneelle. L\u00e4hetetty viesti nopeuttaa sivustoa ja yksinkertaistaa kirjautumista, tallentaa k\u00e4ytt\u00e4j\u00e4n k\u00e4ytt\u00f6tietoja ja kohdentaa sivuston k\u00e4ytt\u00e4j\u00e4lle.<\/p>\n\n\n\n<p><strong>Ev\u00e4steiden ja muiden mahdollisten analyysiteknologioiden avulla ker\u00e4t\u00e4\u00e4n esimerkiksi seuraavia tietoja:<\/strong><\/p>\n\n\n\n<ul class=\"wp-block-list\">\n<li>&nbsp;Palvelun ominaisuuksien k\u00e4ytt\u00f6- ja selaustiedot, kuten mainokset, jotka on n\u00e4ytetty sek\u00e4 tiedot mainosten klikkaamisesta<\/li>\n\n\n\n<li>&nbsp;Sivu, jolta k\u00e4ytt\u00e4j\u00e4 on siirtynyt sivuillemme, laitteen malli, yksil\u00f6llinen laite ja\/tai ev\u00e4stetunniste, tiedonkeruun kanava, selaimen versio, IP-osoite, istuntotunniste, istunnon aika ja kesto sek\u00e4 n\u00e4yt\u00f6n tarkkuus ja k\u00e4ytt\u00f6j\u00e4rjestelm\u00e4<\/li>\n\n\n\n<li>&nbsp;Sijaintitiedot, jos k\u00e4ytt\u00e4j\u00e4 on t\u00e4t\u00e4 varten antanut nimenomaisen luvan<\/li>\n\n\n\n<li>&nbsp;Muut k\u00e4ytt\u00e4j\u00e4n suostumuksella ker\u00e4tyt tiedot<\/li>\n<\/ul>\n\n\n\n<p><strong>d) Palveluiden k\u00e4yt\u00f6st\u00e4 johdetut tiedot<\/strong><\/p>\n\n\n\n<ul class=\"wp-block-list\">\n<li>Johdettu tieto on p\u00e4\u00e4telty analytiikan avulla Palvelun havaitusta k\u00e4yt\u00f6st\u00e4 ja\/tai asiakkaan itse antamista tiedoista esimerkiksi k\u00e4ytt\u00e4j\u00e4n mahdolliset kiinnostuksen kohteet tai segmentointi tietynlaisten k\u00e4ytt\u00e4jien ryhm\u00e4\u00e4n.<\/li>\n\n\n\n<li>Kaikkea ker\u00e4\u00e4m\u00e4\u00e4mme tietoa voidaan k\u00e4ytt\u00e4\u00e4 Palvelun kohdentamiseen k\u00e4ytt\u00e4j\u00e4lle. K\u00e4yt\u00e4mme ev\u00e4steit\u00e4 seurataksemme tietoa, jonka sivustomme ev\u00e4ste on asentanut k\u00e4ytt\u00e4j\u00e4n tietokoneelle. Useimpien selainten valikossa on Help menu -kohta, joka kertoo kuinka ev\u00e4steiden hyv\u00e4ksynt\u00e4 voidaan est\u00e4\u00e4, kuinka selain ilmoittaa ev\u00e4steiden vastaanottamisesta ja kuinka ev\u00e4steet voidaan sulkea. Jos ev\u00e4steet suljetaan, sivuston k\u00e4ytt\u00f6 voi rajoittua tai esty\u00e4.<br>&nbsp;<\/li>\n<\/ul>\n\n\n\n<h4 class=\"wp-block-heading\">4. Kuinka kauan k\u00e4ytt\u00e4jien tietoja s\u00e4ilytet\u00e4\u00e4n?<\/h4>\n\n\n\n<p>S\u00e4ilyt\u00e4mme k\u00e4ytt\u00e4jien henkil\u00f6tietoja vain niin kauan kuin niit\u00e4 tarvitaan sit\u00e4 tarkoitusta varten, jota ne ker\u00e4ttiin tai lain salliman enimm\u00e4isajan.&nbsp; Henkil\u00f6tietojen s\u00e4ilytysjakson pituus vaihtelee siis tiedoista riippuen. T\u00e4m\u00e4 tarkoittaa my\u00f6s sit\u00e4, ett\u00e4 saatamme s\u00e4ilytt\u00e4\u00e4 henkil\u00f6tietojasi, vaikka sopimussuhteesi meihin olisi p\u00e4\u00e4ttynyt, mutta vain niin kauan kuin meill\u00e4 on syy tehd\u00e4 niin.<br>&nbsp;<\/p>\n\n\n\n<h4 class=\"wp-block-heading\">5. Henkil\u00f6tietojen siirto<\/h4>\n\n\n\n<p><br><strong><u><em>Joensuun Ymp\u00e4rist\u00f6tuotanto Oy<\/em><\/u>&nbsp;palvelun tarjoamiseksi<\/strong><br>Siirr\u00e4mme henkil\u00f6tietoja ainoastaan siin\u00e4 laajuudessa kuin kolmannet osapuolet tarvitsevat p\u00e4\u00e4syn k\u00e4sittelemiimme henkil\u00f6tietoihin Palvelun tarjoamiseksi t\u00e4m\u00e4n tietosuojalausekkeen m\u00e4\u00e4rittelemiss\u00e4 tarkoituksissa.<\/p>\n\n\n\n<p><strong>Kolmansien osapuolten markkinointi ja mainonta<\/strong><br>Emme jaa markkinoinnin tai mainonnan osapuolille k\u00e4ytt\u00e4jien henkil\u00f6- tai tunnistetietoja. Jotta viestint\u00e4\u00e4 tai markkinointia kohdennetaan oikein, saatamme siirt\u00e4\u00e4 kolmansille osapuolille anonymisoidut demografiatiedot, kiinnostuksenkohteet tai esimerkiksi sijaintiin perustuvat kohdentamisarvot.<\/p>\n\n\n\n<p><strong>Suostumuksesi<\/strong><br>Mik\u00e4li k\u00e4ytt\u00e4j\u00e4 on antanut suostumuksensa, saatamme jakaa k\u00e4ytt\u00e4j\u00e4n tietoja valittujen kolmansien osapuolten kanssa, jotta ne voivat ottaa yhteytt\u00e4 k\u00e4ytt\u00e4j\u00e4\u00e4n.<\/p>\n\n\n\n<p><strong>Tieteellinen tutkimus<\/strong><br>Voimme luovuttaa tietoja tieteellist\u00e4 tai historiallista tutkimusta varten edellytt\u00e4en, ett\u00e4 tiedot on muutettu sellaiseen muotoon, ett\u00e4 tiedon kohde ei ole en\u00e4\u00e4 niist\u00e4 tunnistettavissa.<\/p>\n\n\n\n<p><strong>Oikeudellisista syist\u00e4<\/strong><br>Henkil\u00f6tietojasi voidaan luovuttaa toimivaltaisen viranomaisen esitt\u00e4mien vaatimusten ja lakiin perustuvien edellytysten mukaisesti. Jos myymme, ostamme, fuusioimme tai muutoin j\u00e4rjestelemme liiketoimintaamme, k\u00e4ytt\u00e4j\u00e4n henkil\u00f6tietoja voidaan luovuttaa ostajille ja n\u00e4iden neuvonantajille.<br>&nbsp;<\/p>\n\n\n\n<h4 class=\"wp-block-heading\">6. Kansainv\u00e4liset tietojen siirrot<\/h4>\n\n\n\n<p><em>Joensuun Ymp\u00e4rist\u00f6tuotanto Oy<\/em>&nbsp;pyrkii toteuttamaan palvelut ja k\u00e4sittelem\u00e4\u00e4n henkil\u00f6tietoja EU- tai ETA-alueella sijaitsevia toimijoita ja palveluita hy\u00f6dynt\u00e4en.<\/p>\n\n\n\n<p>Jotkin alihankkijoistamme, jakelijoistamme ja kumppaneistamme sijaitsevat Euroopan talousalueen ulkopuolella. T\u00e4ll\u00f6in henkil\u00f6tietojasi saatetaan siirt\u00e4\u00e4 eri maiden v\u00e4lill\u00e4. T\u00e4llaiset siirrot voivat sis\u00e4lt\u00e4\u00e4 henkil\u00f6tietojen luovutuksia EU- tai ETA-alueen ulkopuolelle sellaisiin maihin, joiden henkil\u00f6tietojen k\u00e4sittely\u00e4 koskeva lains\u00e4\u00e4d\u00e4nt\u00f6 poikkeaa Suomen lain vaatimuksista.&nbsp;<em>Joensuun Ymp\u00e4rist\u00f6tuotanto Oy<\/em>&nbsp;huolehtii t\u00e4ll\u00f6in henkil\u00f6tietojen suojan riitt\u00e4v\u00e4st\u00e4 tasosta esimerkiksi sopimalla asiasta henkil\u00f6tietojen k\u00e4sittelij\u00e4n kanssa k\u00e4ytt\u00e4en mallisopimuslausekkeita tai muita tietosuojalains\u00e4\u00e4d\u00e4nn\u00f6n mukaisia keinoja henkil\u00f6tietojen siirtoon kolmansiin maihin.<br>&nbsp;<\/p>\n\n\n\n<h4 class=\"wp-block-heading\">7. Henkil\u00f6tietojen suojaus<\/h4>\n\n\n\n<p><em>Joensuun Ymp\u00e4rist\u00f6tuotanto Oy<\/em>&nbsp;k\u00e4ytt\u00e4\u00e4 ajantasaisia k\u00e4yt\u00e4nt\u00f6j\u00e4 henkil\u00f6tietojen suojelemiseksi. T\u00e4m\u00e4 tarkoittaa sit\u00e4, ett\u00e4 k\u00e4yt\u00e4mme fyysisi\u00e4, hallinnollisia ja teknisi\u00e4 suojaustoimenpiteit\u00e4 pienent\u00e4\u00e4ksemme henkil\u00f6tietojen h\u00e4vikin riski\u00e4 ja v\u00e4hent\u00e4\u00e4ksemme v\u00e4\u00e4rink\u00e4yt\u00f6ksi\u00e4 sek\u00e4 luvatonta k\u00e4ytt\u00f6\u00e4, julkaisua tai muokkausta. Tallennamme henkil\u00f6kohtaiset tietosi suojatuille palvelimille, jolloin vain valtuutetut henkil\u00f6t voivat k\u00e4ytt\u00e4\u00e4 n\u00e4iss\u00e4 palvelimessa olevia tietoja.&nbsp;<em>Joensuun Ymp\u00e4rist\u00f6tuotanto Oy<\/em>&nbsp;voi my\u00f6s suojella k\u00e4ytt\u00e4j\u00e4n henkil\u00f6tietoja hy\u00f6dynt\u00e4en Secure Sockets Layer (&#8221;SSL&#8221;) tai muuta vastaavaa salausohjelmistoa.<br>&nbsp;<\/p>\n\n\n\n<h4 class=\"wp-block-heading\">8. Kolmansien sivustot<\/h4>\n\n\n\n<p>T\u00e4m\u00e4 tietosuojalauseke soveltuu vain meid\u00e4n Palveluihin emmek\u00e4 ole vastuussa muiden sivustojen tietosuojak\u00e4yt\u00e4nn\u00f6ist\u00e4. Suosittelemme k\u00e4ytt\u00e4j\u00e4\u00e4 tarkistamaan k\u00e4ytt\u00e4miens\u00e4 sivustojen tietosuojalausekkeet.<br>&nbsp;<\/p>\n\n\n\n<h4 class=\"wp-block-heading\">9. Tietosuojaselosteen muutokset<\/h4>\n\n\n\n<p>Voimme muuttaa t\u00e4t\u00e4 tietosuojalauseketta. Muutettu tietosuojaseloste on saatavilla Yrityksen sivustolta, jotta k\u00e4ytt\u00e4j\u00e4t ovat aina tietoisia siit\u00e4, miten heid\u00e4n henkil\u00f6tietojaan k\u00e4sitell\u00e4\u00e4n.<br>&nbsp;<\/p>\n\n\n\n<h4 class=\"wp-block-heading\">10. Sinun oikeutesi<\/h4>\n\n\n\n<p><br><strong>Tarkastusoikeus<\/strong><br>Sinulla on oikeus tarkastaa, mit\u00e4 sinua koskevia tietoja rekisteriin on talletettu. Toimitamme tiedot lain edellytt\u00e4m\u00e4ss\u00e4 muodossa.<\/p>\n\n\n\n<p><strong>Oikeus vaatia tiedon oikaisemista<\/strong><br>Sinulla on oikeus vaatia v\u00e4\u00e4r\u00e4n, ep\u00e4tarkan, ep\u00e4t\u00e4ydellisen, vanhentuneen tai tarpeettoman tiedon korjaamista tai t\u00e4ydent\u00e4mist\u00e4.<\/p>\n\n\n\n<p><strong>Oikeus vaatia tiedon poistamista<\/strong><br>Voit pyyt\u00e4\u00e4 meit\u00e4 poistamaan henkil\u00f6tietosi j\u00e4rjestelmist\u00e4mme. Suoritamme pyynt\u00f6si mukaiset toimenpiteet, mik\u00e4li meill\u00e4 ei ole oikeutettua syyt\u00e4 olla poistamatta tietoa. Tiedot eiv\u00e4t v\u00e4ltt\u00e4m\u00e4tt\u00e4 poistu v\u00e4litt\u00f6m\u00e4sti kaikista varmuuskopio- tai muista vastaavista j\u00e4rjestelmist\u00e4mme.<\/p>\n\n\n\n<p><strong>Oikeus rajoittaa tiedon k\u00e4sittely\u00e4<\/strong><br>Voit pyyt\u00e4\u00e4 meit\u00e4 rajoittamaan tiettyjen henkil\u00f6tietojesi k\u00e4sittelyj\u00e4. Tietojen k\u00e4sittelyn rajoittamista koskeva pyynt\u00f6 saattaa johtaa rajoitetumpiin mahdollisuuksiin k\u00e4ytt\u00e4\u00e4 internetsivujamme sek\u00e4 palveluitamme.<\/p>\n\n\n\n<p><strong>Oikeus vastustaa tiedon k\u00e4sittely\u00e4<\/strong><br>Voit my\u00f6s pyyt\u00e4\u00e4 rajoituksia henkil\u00f6tietojesi k\u00e4sittelyyn, mik\u00e4li tietojasi k\u00e4sitell\u00e4\u00e4n muihin tarkoituksiin kuin palvelumme suorittamiseksi tai laista aiheutuvan velvollisuuden t\u00e4ytt\u00e4miseksi. Henkil\u00f6tietojen k\u00e4sittelyn vastustaminen saattaa johtaa rajoitetumpiin mahdollisuuksiin k\u00e4ytt\u00e4\u00e4 internetsivujamme. Sinulla on oikeus kielt\u00e4yty\u00e4 s\u00e4hk\u00f6isest\u00e4 suoramarkkinoinnista seuraamalla ohjeita, jotka on sis\u00e4llytetty kaikkiin l\u00e4hett\u00e4miimme markkinointiviesteihin. &nbsp;<\/p>\n\n\n\n<p><strong>Oikeus siirt\u00e4\u00e4 tiedot j\u00e4rjestelm\u00e4st\u00e4 toiseen<\/strong><br>Sinulla on oikeus saada henkil\u00f6tietosi meilt\u00e4 j\u00e4sennellyss\u00e4 ja yleisesti k\u00e4ytetyss\u00e4 muodossa, jotta voit v\u00e4litt\u00e4\u00e4 tiedot toiselle rekisterinpit\u00e4j\u00e4lle.<\/p>\n\n\n\n<p><strong>Oikeus peruuttaa suostumus<\/strong><br>Jos tietojesi k\u00e4sittely perustuu suostumukseen, sinulla on oikeus peruuttaa suostumus milloin tahansa.<\/p>\n\n\n\n<h4 class=\"wp-block-heading\">11. Oikeuksiesi k\u00e4ytt\u00e4minen<\/h4>\n\n\n\n<p>Voit k\u00e4ytt\u00e4\u00e4 oikeuksiasi l\u00e4hett\u00e4m\u00e4ll\u00e4 kirjeen tai s\u00e4hk\u00f6postin sis\u00e4lt\u00e4en nimesi, osoitteesi, puhelinnumerosi ja kopion voimassaolevasta henkil\u00f6llisyystodistuksesta. Jos pyynt\u00f6si koskee ev\u00e4steess\u00e4 olevaa henkil\u00f6tietoa, on sinun liitett\u00e4v\u00e4 pyynt\u00f6\u00f6si kopio kyseisest\u00e4 ev\u00e4steest\u00e4. Voimme pyyt\u00e4\u00e4 lis\u00e4tietoja, jotka ovat tarpeen henkil\u00f6llisyytesi varmentamiseksi. Voimme hyl\u00e4t\u00e4 pyynn\u00f6t, jotka toistuvat kohtuuttoman usein, ovat liiallisia tai jotka ovat perusteettomia.<\/p>\n\n\n\n<p>Jos koet henkil\u00f6tietojesi k\u00e4sittelyn olevan ristiriidassa voimassaolevan lains\u00e4\u00e4d\u00e4nn\u00f6n kanssa, voit tehd\u00e4 valituksen paikalliselle tietosuojavalvontaviranomaiselle.<\/p>\n\n\n\n<h4 class=\"wp-block-heading\">12. Kuka on rekisterinpit\u00e4j\u00e4 ja kehen voin ottaa yhteytt\u00e4?<\/h4>\n\n\n\n<p><br><strong>Rekisterinpit\u00e4j\u00e4 on:<\/strong><br><em>Joensuun Ymp\u00e4rist\u00f6tuotanto Oy<\/em><\/p>\n\n\n\n<p class=\"has-medium-font-size\"><strong>Yhteytt\u00e4 rekisteri\u00e4 koskevissa asioissa voit ottaa:<\/strong><br><em><a href=\"mailto:yhteydenotto@ymparistotuotanto.com\">yhteydenotto@ymparistotuotanto.com<\/a><\/em><\/p>\n<\/div>\n\n\n\n<div class=\"wp-block-column is-layout-flow wp-block-column-is-layout-flow\">\n<div style=\"height:100px\" aria-hidden=\"true\" class=\"wp-block-spacer\"><\/div>\n<\/div>\n\n\n\n<div class=\"wp-block-column is-layout-flow wp-block-column-is-layout-flow\" style=\"flex-basis:33.33%\">\n<p><\/p>\n\n\n\n<h2 class=\"wp-block-heading\">Ota Yhteytt\u00e4<\/h2>\n\n\n<style id=\"wpforms-css-vars-47\">\n\t\t\t\t#wpforms-47 {\n\t\t\t\t--wpforms-field-border-color: rgba(0, 0, 0, 0.25);\n--wpforms-field-border-color-spare: rgba(0, 0, 0, 0.25);\n--wpforms-field-text-color: rgba(0, 0, 0, 0.7);\n--wpforms-label-color: rgba(0, 0, 0, 0.85);\n--wpforms-label-sublabel-color: rgba(0, 0, 0, 0.55);\n--wpforms-button-background-color: #16aa08;\n--wpforms-container-padding: 0px;\n--wpforms-container-border-width: 1px;\n--wpforms-container-border-radius: 3px;\n--wpforms-background-color: rgba(0, 0, 0, 0);\n--wpforms-field-size-input-height: 43px;\n--wpforms-field-size-input-spacing: 15px;\n--wpforms-field-size-font-size: 16px;\n--wpforms-field-size-line-height: 19px;\n--wpforms-field-size-padding-h: 14px;\n--wpforms-field-size-checkbox-size: 16px;\n--wpforms-field-size-sublabel-spacing: 5px;\n--wpforms-field-size-icon-size: 1;\n--wpforms-label-size-font-size: 16px;\n--wpforms-label-size-line-height: 19px;\n--wpforms-label-size-sublabel-font-size: 14px;\n--wpforms-label-size-sublabel-line-height: 17px;\n--wpforms-button-size-font-size: 17px;\n--wpforms-button-size-height: 41px;\n--wpforms-button-size-padding-h: 15px;\n--wpforms-button-size-margin-top: 10px;\n--wpforms-container-shadow-size-box-shadow: none;\n\t\t\t}\n\t\t\t<\/style><div class=\"wpforms-container wpforms-container-full wpforms-render-modern\" id=\"wpforms-47\"><form id=\"wpforms-form-47\" class=\"wpforms-validate wpforms-form wpforms-ajax-form\" data-formid=\"47\" method=\"post\" enctype=\"multipart\/form-data\" action=\"\/index.php\/wp-json\/wp\/v2\/pages\/152\" data-token=\"a71ef05cf300400d4cda70bdaacc3541\" data-token-time=\"1775685873\"><noscript class=\"wpforms-error-noscript\">Please enable JavaScript in your browser to complete this form.<\/noscript><div id=\"wpforms-error-noscript\" style=\"display: none;\">Please enable JavaScript in your browser to complete this form.<\/div><div class=\"wpforms-field-container\"><div id=\"wpforms-47-field_1-container\" class=\"wpforms-field wpforms-field-text\" data-field-id=\"1\"><label class=\"wpforms-field-label\" for=\"wpforms-47-field_1\">Nimi<\/label><input type=\"text\" id=\"wpforms-47-field_1\" class=\"wpforms-field-medium\" name=\"wpforms[fields][1]\" aria-errormessage=\"wpforms-47-field_1-error\" ><\/div><div id=\"wpforms-47-field_2-container\" class=\"wpforms-field wpforms-field-text\" data-field-id=\"2\"><label class=\"wpforms-field-label\" for=\"wpforms-47-field_2\">Puhelin<\/label><input type=\"text\" id=\"wpforms-47-field_2\" class=\"wpforms-field-medium\" name=\"wpforms[fields][2]\" aria-errormessage=\"wpforms-47-field_2-error\" ><\/div>\t\t<div id=\"wpforms-47-field_5-container\"\n\t\t\tclass=\"wpforms-field wpforms-field-text\"\n\t\t\tdata-field-type=\"text\"\n\t\t\tdata-field-id=\"5\"\n\t\t\t>\n\t\t\t<label class=\"wpforms-field-label\" for=\"wpforms-47-field_5\" >Asia S\u00e4hk\u00f6posti Puhelin<\/label>\n\t\t\t<input type=\"text\" id=\"wpforms-47-field_5\" class=\"wpforms-field-medium\" name=\"wpforms[fields][5]\" >\n\t\t<\/div>\n\t\t<div id=\"wpforms-47-field_3-container\" class=\"wpforms-field wpforms-field-text\" data-field-id=\"3\"><label class=\"wpforms-field-label\" for=\"wpforms-47-field_3\">S\u00e4hk\u00f6posti<\/label><input type=\"text\" id=\"wpforms-47-field_3\" class=\"wpforms-field-medium\" name=\"wpforms[fields][3]\" aria-errormessage=\"wpforms-47-field_3-error\" ><\/div><div id=\"wpforms-47-field_4-container\" class=\"wpforms-field wpforms-field-textarea\" data-field-id=\"4\"><label class=\"wpforms-field-label\" for=\"wpforms-47-field_4\">Asia<\/label><textarea id=\"wpforms-47-field_4\" class=\"wpforms-field-small\" name=\"wpforms[fields][4]\" aria-errormessage=\"wpforms-47-field_4-error\" ><\/textarea><\/div><script>\n\t\t\t\t( function() {\n\t\t\t\t\tconst style = document.createElement( 'style' );\n\t\t\t\t\tstyle.appendChild( document.createTextNode( '#wpforms-47-field_5-container { position: absolute !important; overflow: hidden !important; display: inline !important; height: 1px !important; width: 1px !important; z-index: -1000 !important; padding: 0 !important; } #wpforms-47-field_5-container input { visibility: hidden; } #wpforms-conversational-form-page #wpforms-47-field_5-container label { counter-increment: none; }' ) );\n\t\t\t\t\tdocument.head.appendChild( style );\n\t\t\t\t\tdocument.currentScript?.remove();\n\t\t\t\t} )();\n\t\t\t<\/script><\/div><!-- .wpforms-field-container --><div class=\"wpforms-submit-container\" ><input type=\"hidden\" name=\"wpforms[id]\" value=\"47\"><input type=\"hidden\" name=\"page_title\" value=\"\"><input type=\"hidden\" name=\"page_url\" value=\"https:\/\/ymparistotuotanto.com\/index.php\/wp-json\/wp\/v2\/pages\/152\"><input type=\"hidden\" name=\"url_referer\" value=\"\"><button type=\"submit\" name=\"wpforms[submit]\" id=\"wpforms-submit-47\" class=\"wpforms-submit\" data-alt-text=\"Sending...\" data-submit-text=\"L\u00e4het\u00e4\" aria-live=\"assertive\" value=\"wpforms-submit\">L\u00e4het\u00e4<\/button><img loading=\"lazy\" decoding=\"async\" src=\"https:\/\/ymparistotuotanto.com\/wp-content\/plugins\/wpforms-lite\/assets\/images\/submit-spin.svg\" class=\"wpforms-submit-spinner\" style=\"display: none;\" width=\"26\" height=\"26\" alt=\"Loading\"><\/div><\/form><\/div>  <!-- .wpforms-container -->\n<\/div>\n<\/div>\n<\/div><\/div>\n","protected":false},"excerpt":{"rendered":"<p>Joensuun Ymp\u00e4rist\u00f6tuotanto Oy&nbsp;| Tietosuojalauseke 1. Johdanto T\u00e4ss\u00e4 tietosuojalausekkeessa kerromme, kuinka ker\u00e4\u00e4mme ja k\u00e4sittelemme henkil\u00f6tietoja&nbsp;Joensuun Ymp\u00e4rist\u00f6tuotanto Oy&nbsp;palveluita (sis\u00e4lt\u00e4en, mutta ei rajoittuen, seuraavan internetsivuston www.ymparistotuotanto.com,&nbsp;sek\u00e4 kaikki siihen liittyv\u00e4t keskustelufoorumit, hakemistot ja tietokannat &#8230;<\/p>\n","protected":false},"author":1,"featured_media":0,"parent":0,"menu_order":0,"comment_status":"closed","ping_status":"closed","template":"template-fullwidth-stretched.php","meta":{"footnotes":""},"class_list":["post-152","page","type-page","status-publish","hentry"],"_links":{"self":[{"href":"https:\/\/ymparistotuotanto.com\/index.php\/wp-json\/wp\/v2\/pages\/152","targetHints":{"allow":["GET"]}}],"collection":[{"href":"https:\/\/ymparistotuotanto.com\/index.php\/wp-json\/wp\/v2\/pages"}],"about":[{"href":"https:\/\/ymparistotuotanto.com\/index.php\/wp-json\/wp\/v2\/types\/page"}],"author":[{"embeddable":true,"href":"https:\/\/ymparistotuotanto.com\/index.php\/wp-json\/wp\/v2\/users\/1"}],"replies":[{"embeddable":true,"href":"https:\/\/ymparistotuotanto.com\/index.php\/wp-json\/wp\/v2\/comments?post=152"}],"version-history":[{"count":4,"href":"https:\/\/ymparistotuotanto.com\/index.php\/wp-json\/wp\/v2\/pages\/152\/revisions"}],"predecessor-version":[{"id":251,"href":"https:\/\/ymparistotuotanto.com\/index.php\/wp-json\/wp\/v2\/pages\/152\/revisions\/251"}],"wp:attachment":[{"href":"https:\/\/ymparistotuotanto.com\/index.php\/wp-json\/wp\/v2\/media?parent=152"}],"curies":[{"name":"wp","href":"https:\/\/api.w.org\/{rel}","templated":true}]}}